) + -38.
-18
What is (-7 - -9) + -10 + 10 + (6 - 1)?
7
Evaluate (-5 - (-4 + -3)) + 2.
4
What is the value of -33 - (-17 - (-7 + 4))?
-19
Calculate -1 + -4 - 2 - (12 - (11 - 9)).
-17
What is (-8 + 3 - (-6 + -6 - -8)) + -12?
-13
What is the value of 13 + -4 - (2 + (5 - 11))?
13
-21 - -2 - (-24 + 3)
2
-2 + -4 + (-10 - (-12 - -3))
-7
Calculate (1 - 3 - (-1 - 1)) + -11.
-11
Calculate -24 + (-3 + -3 - -19).
-11
Calculate 10 - 0 - (-83 - -85).
8
-52 + 33 + 12 - (-12 - -2 - -1)
2
What is (-44 - -37) + (3 + -6 - 7)?
-17
Calculate -1240 + 1223 + (-2 - 12 - -2).
-29
Calculate -6 - (4 + 1 - 9 - -5).
-7
482 + -454 - (-1 + 11 + -2)
20
Evaluate 9 + (-11 - -4) + -9.
-7
(31 - 23) + 4 + 3
15
(1 - (6 - 0)) + (332 - 332)
-5
Calculate -22 - ((-22 - 9) + 24).
-15
What is -6 - 0 - (-7 - (-19 - -16))?
-2
What is 61 + 4 + -25 + -31?
9
What is (-33 - (-12 + -2) - -12) + (30 - 1)?
22
What is -13 + 14 + (8 - 3) + (0 - 7)?
-1
Evaluate 2 - 7 - (-27 - -38).
-16
-12 + 0 + 4 + (16 - 6)
2
What is (-3 - -3) + 37 - (-84 - -96)?
25
Evaluate -28 + (-9 - -25 - (0 + -1)).
-11
21 + (-1 - (-10 + -12 + 11))
31
Evaluate 7 + -15 + 15 - (18 - 0).
-11
What is -5 + -11 - (1 - 13) - (7 - -1)?
-12
What is 3 + 26 + -48 + -7 + -1?
-27
What is -6 + -5 + 0 + 17 - (-5 + 8)?
3
Evaluate 20 + (-6 - (-2 + 3) - 3).
10
Calculate (1 - -8) + (4 - -2) + -294 + 282.
3
What is the value of -14 - (1 - (7 + -4 - (5 - 5)))?
-12
Evaluate (-19 - -40) + -17 + 21.
25
What is the value of 13 - 9 - 3 - (6 + 0)?
-5
Calculate 1 + -1 + -5 + 0 - (105 - 85).
-25
Calculate -1 + (38 - 27) + -1 + -2.
7
What is -6 - (-5 + (-8 - (9 - 11) - -14))?
-9
(7 - (6 - 6) - 24) + 3
-14
Evaluate -87 - (1 + -42) - -11.
-35
Evaluate 8 - -18 - (-12 + (10 + 2 - 2)).
28
What is -1 - (4 - 2) - (76 - 76)?
-3
What is the value of -14 + 26 + -25 - -12?
-1
What is the value of 2 - ((-6 - -1) + -1 - (25 + -36))?
-3
What is the value of 4 - ((14 - 14) + 9)?
-5
What is the value of -4 - (-11 + (-1 - -2)) - (-2 - -6)?
2
What is the value of -1 + (-67 - -21) - -9?
-38
-4 - ((-11 - -9 - 4) + -9)
11
Calculate 6 + -6 + 16 + (-1 - 3) + -2.
10
Calculate -48 + (39 - (-25 + -6)).
22
Calculate 26 + -21 + 18 - 29.
-6
Calculate -1 - (-3 + 9) - (10 + 37 - 32).
-22
What is (-2 - -1) + -27 + 31 - -7?
10
Calculate 42 + (6 - 21) + (-6 - 2).
19
Calculate -2 + 1 + 31 + 20 + -24.
26
What is the value of -3 + (63 - 42) - 52?
-34
Calculate -8 - ((3 - 3) + (-18 - -8) + 13).
-11
Calculate (-1 - -7) + 1 - -24.
31
What is the value of (-5 - -11) + (-2 - (-2 + 15)) + 2?
-7
What is the value of 82 - 110 - (-35 + 2)?
5
What is -10 + (112 + -101 - (2 + 1))?
-2
Calculate (8 - 0) + (-333 - -334).
9
What is the value of (-20 - 1) + (1 + (-8 - -16) - 3)?
-15
Calculate -2 - -11 - 9 - -8.
8
What is 18 + -1 - ((202 - 202) + (1 - 9))?
25
What is the value of -19 + 1 - (-35 + 87 + -47)?
-23
What is (-7 - 7 - -1) + 6 + -5?
-12
Calculate (2 - 7) + -13 + (-12 - -15).
-15
What is the value of (-4 - (5 - 11)) + (-1 - 1) + 1?
1
-4 - ((3 - 14 - -39) + -5)
-27
Evaluate -13 + 8 + -9 - 1.
-15
(4 - (7 + 0 + 4)) + -2
-9
What is the value of -1 + -9 + 15 - (-3 + 15 - 3)?
-4
(-4 - (13 - 6)) + 9
-2
What is (-12 + -4 - -37) + -14?
7
Evaluate 22 - (-16 - (-5 + -16 - -13)).
30
What is -16 - (-6 - -10 - -10 - 3)?
-27
What is -17 + 14 + (-2 - -1) + 5 - 10?
-9
What is 8 + -6 + (32 - 27 - (-16 + 0))?
23
Evaluate 12 - 8 - (4 + -5).
5
What is 47 + -1 + -34 - (44 + 2 + -3)?
-31
What is the value of -14 + 8 - 7 - (7 + 6)?
-26
What is the value of (2 - -74 - 29) + -30?
17
Evaluate (4 - (3 - -2 - -6)) + 7 + -3.
-3
Evaluate -3 + -7 + 7 + 10 + 5.
12
(-23 - (30 - 59)) + -25
-19
What is (-1 + -6 - (0 + -1)) + (0 - -23)?
17
Evaluate 27 - (12 + 26 + 6).
-17
Evaluate ((35 - 2) + -8 - 13) + -17.
-5
Evaluate 28 + -28 + -5 + -1.
-6
8 + -11 + 11 + -1
7
What is (-199 - -196) + (0 - (11 - 2))?
-12
Evaluate 9 - -1 - (-2 - (-1 + -6 - -3)).
8
What is the value of (1 - (-18 - 6)) + (3 - 19) + 9?
18
What is -4 - ((-4 - 0) + (-62 - -37))?
25
(-7 - 0) + 11 + -3 + (12 - 0)
13
Evaluate (27 - 8) + 4 + 2 + -11.
14
What is 2 - ((5 + 6 - (-10 - 16)) + -3)?
-32
What is 24 + (-15 - -3) - 6?
6
Evaluate (-6 - -1) + (29 + 1 - (-151 + 153)).
23
Calculate 7 + 1 + -2 + (-100 - -93).
-1
Evaluate -6 - (-4 + 4) - (8 + -14) - 4.
-4
What is the value of -6 + -16 + (-11 - -7) + 10?
-16
(-1 - (6 + 2 - (15 + -1))) + -12
-7
What is the value of 6 + 0 - (13 + -21 + 11)?
3
101 - 92 - ((-8 - (-6 - -2)) + 11)
2
What is (8 - 2) + 7 + -6 + 7?
14
What is (6 - 1) + (-20 - -20) - (0 - 9)?
14
10 + (15 - 30) + -4
-9
What is (0 + -1 + 3 - -13) + (-132 - -137)?
20
Calculate 1 - -8 - (-15 + 20) - (23 - 2).
-17
Evaluate -182 - -183 - (1 - 1 - -2) - -4.
3
(-1 - 3) + -2 + (-1416 - -1428)
6
What is the value of 9 + (1 - (-2 - (4 + -1) - -12))?
3
What is the value of -18 + (5 - (-21 + 10))?
-2
25 + -9 + -26 - -12
2
What is the value of 6 + -5 + -1 - (0 - (5 - 0))?
5
What is the value of (-7 - -34) + 11 - 54?
-16
What is 11 + (-2 - 7 - 7) - 8?
-13
Evaluate 0 - (3 + 11 + -3).
-11
Calculate -100 + 117 + (2 - (2 + -1) - 12).
6
What is the value of -11 - (1 - (-4 - -10) - -14)?
-20
Evaluate (-11 - (-9 - 0 - -8)) + 20 + 16.
26
What is 2 - (7 - (7 + -1 + 6)) - -5?
12
3 - 4 - 1 - 2 - (192 + -208)
12
Calculate 0 - -5 - (11 + -3) - 7.
-10
Evaluate 7 - (8 + 12) - (2 + -5) - 10.
-20
What is the value of (9 - 9) + -10 + -5 - -4?
-11
Evaluate -3 - (-3 + 2) - (-5 + 12 + -3).
-6
Calculate 2 + -9 + -9 + (-15 - -19 - 6).
-18
Calculate -57 + (-4 - 14) - -46.
-29
(0 - 2) + (-5 - (-6 - -2) - 4)
-7
Evaluate -191 - -177 - (1 - (-2 + 1)).
-16
Calculate -10 + 10 - (3 + -16 + 6).
7
What is -81 + 86 + 11 + -2 + -4?
10
What is 1 + (3 - 3) - (11 - (4 + 25))?
19
Evaluate 0 + -4 - (84 - 80 - (-6 - -2)).
-12
What is -4 - (14 - 8) - (55 - 47)?
-18
What is 431 - 399 - (3 + 2)?
27
Calculate (-41 - 2) + 23 - -12.
-8
Calculate 1 + -7 + 12 + -14 - -35.
27
Evaluate (16 - (-8 + 25)) + -13.
-14
Calculate (10 - (-2 + -3 - 1)) + (2 - 1).
17
Evaluate -4 - (1 + -2 + 19) - -10.
-12
What is -2 - (-11 - (-3 + 0))?
6
Calculate (-7 - (12 + -2 + 3)) + (6 - 0).
-14
What is -643 + 615 - (3 + 0)?
-31
9 + -14 + 1 + 18 - (-3 - -4)
13
Evaluate -9 - -11 - (-2 + (-5 - -5)).
4
What is the value of -9 - (0 + -4 - (-2 - 3))?
-10
Calculate 9 - (-6 + -3 + -3 + 2).
19
Calculate 19 - (-2 + 17 + -11 + (1 - 0)).
14
What is the value of 4 + 0 + (12 - 13)?
3
What is the value of -1 - 2 - (-11 + -4 - -16) - -18?
14
Calculate 7 - -3 - 9 - -8.
9
What is 8 - (-260 + 248 + (1 - (0 + -5)))?
14
What is the value of -15 + 12 - -47 - 24?
20
Calculate (28 + -16 - -7) + (-8 - 1).
10
What is the value of (2 + 40 - -1) + (-19 - 2) + 13?
35
What is the value of -17 - (29 + -13 + -13)?
-20
What is the value of (1 - 2) + (-5 - -9) - (2 + 4)?
-3
Calculate 10 - (23 + (-52 - -33)).
6
What is the value of -10 + 3 - -2 - (14 + 17 + -36)?
0
Calculate (0 - -2 - 11) + -24 + 28.
-5
Calculate 522 + -529 - (5 + -2 + 1).
-11
What is the value of (13 + -8 - 6) + 4 + 9?
12
What is 6 - 2 - (18 - (24 + -13))?
-3
What is -15 - (1 + 6 - 16)?
-6
(-8 - 1) + 12 - -6
9
Evaluate -10 + 25 + -71 + 81.
25
What is the value of 2 + (0 - -1) + (40 - 85) + 29?
-13
What is -22 - ((-3 - 15) + 33 + -3)?
-34
(9 - (1 + -6)) + -23
-9
What is (31 + -78 - -23) + 4 + 2 + -1?
-19
-32 - 5 - (196 + -229)
-4
Evaluate -23 - (14 + (-11 - 14)).
-12
What is the value of 6 + (-3 + 8 - -5) + -3?
13
What is the value of (28 - (-23 + 36)) + -1?
14
(28 - 0) + -556 + 546
18
(11 - (19 - -11)) + 8
-11
What is 12 - -8 - -22 - 36?
6
Evaluate (24 - 24) + -17 + 11.
-6
What is the value of -20 - (-19 - 20) - 0?
19
What is the value of -3 - (-10 + 14 + -1)?
-6
What is 6 - (-20 - -14) - -10?
22
What is the value of 25 + 8 + -61 + 8?
-20
What is -43 - (4 - (4 - (-2 - (10 - 1))))?
-32
Calculate (-36 - -33) + 17 - 15.
-1
What is the value of (9 - (18 - 27)) + -30?
-12
-1 + (0 - 3) + (15 - 9) + -5
-3
29 + -8 + 7 + -10
18
What is the value of -5 + 1 + (20 - (10 + (16 - 6)))?
-4
Calculate (-2 - -10 - 12) + 2.
-2
-1 + 5 + (68 - 74) - -22 - 8
12
Evaluate -21 - (5 + -5 - -2) - -9.
-14
What is the value of 14 - (-5 + -2 + -8 + 7 + 12)?
10
What is the value of (13 - (-15 - 6)) + -11?
23
What is 25 + 3 + -4 + -263 + 272?
33
0 + -1 - (-6 - -12) - (-14 - -42)
-35
What is the value of (24 + -4 - 9) + -12?
-1
83 - 82 - (2 - (5 - -13